= -3*d(f) + 4*u(f). Suppose 50 = 25*s + 275. What is the remainder when 118 is divided by y(s)?
16
Suppose 491*y = 484*y + 91. Let h = 22 - 4. Suppose -111 = h*s - 21*s. What is the remainder when s is divided by y?
11
Suppose -2*h = l - 18, -3*h = 5*l - 161 + 99. Suppose 403 = 5*r + 2*n, -18 = -5*n + 2. What is the remainder when r is divided by l?
9
Suppose -j - 25 = 4*j, 4*y = -5*j + 927. Suppose 6*q - 4*q - 4*a = y, 4*q + 4*a = 488. What is the remainder when q is divided by 31?
28
Let g be 38/(-5) - (-632)/395. Let b = 254 - 147. What is the remainder when b is divided by ((-40)/g)/(((-448)/(-42))/16)?
7
Let t(n) = n**2 + 234*n - 5322. Let w(z) = 6*z**2 + 3. What is the remainder when w(-3) is divided by t(21)?
24
Calculate the remainder when 777 is divided by -9 - -228*-9*(-9)/81.
120
Suppose -31 + 101 = 2*u. Suppose -456 = -4*j - 4*j. Suppose -4*q + 5*r = -153 + j, 0 = q - 5*r - 39. Calculate the remainder when u is divided by q.
16
Let j be (1 - (-4 - (-2 - -1))) + -4. Suppose 0*h + 26*h - 1040 = j. What is the remainder when 199 is divided by h?
39
Suppose 2*b = 44 + 92. Let a(x) = -9*x**2 - x - 7. Let f(w) = w**2 + 1. Let v(c) = -a(c) - 5*f(c). What is the remainder when b is divided by v(-3)?
33
Let n = -827 + 1557. Suppose 0 = 22*j - 12*j - n. What is the remainder when j is divided by 20?
13
Let a(w) = 3*w**3 + 2*w**2 - 4*w + 2. Let v be a(1). Suppose v*z + 41 = 98. What is the remainder when 130 is divided by z?
16
Let f(i) = -i**2 - 20*i + 6. Let w be f(-26). Let o = -20 - w. Calculate the remainder when o is divided by 33.
31
What is the remainder when 1170 is divided by -6 - (-14 + 10) - -14?
6
Let p(o) = 6*o - 9. Suppose 5*a - 10 = -q, 3 = -a + 2*q + 16. Let y be p(a). What is the remainder when -1*163/(-3) + (-3)/y is divided by 19?
16
Suppose 2*n - 2*q - 344 = 182, 4*n + q - 1042 = 0. Calculate the remainder when n is divided by (9/4)/((-72)/(-2112)).
63
Let a be 8/(-24) - 43/(-3). Let o = 59 - 54. What is the remainder when (-585)/(-63) + (-4)/a is divided by o?
4
Let u(n) = 10*n + 4. Let m be u(1). Suppose 4*s = m*s - 220. Calculate the remainder when 125 is divided by s.
15
Suppose 3*d + 14 = 11. Let q be ((-1)/d - -3) + -39. Let t = 69 + q. What is the remainder when t is divided by 12?
10
Let q(f) = f**3 + 5*f**2 - 37*f - 1. Let d = 25 - 20. Let c(m) = 8*m - 10. Calculate the remainder when c(d) is divided by q(-9).
6
What is the remainder when (-1 + 0)*17 - -2801 is divided by 397?
5
Let k(j) = j + 12. Let i be k(-10). Suppose m = -m - w + 29, -2*m - i*w = -32. What is the remainder when 15 is divided by m?
2
Let r be (-6 + 5)/(-1 + 2). Let o(j) = -13*j**3 + 2*j**2 + 6*j + 4. What is the remainder when 1011 is divided by o(r)?
10
Let c = 2202 + -1075. What is the remainder when c is divided by (-5)/2*(-1 - -189)*(-6)/30?
93
Let t(b) = -26*b - 67. Let a be t(-23). Suppose -36*q = -621 - a. Calculate the remainder when q is divided by 7.
4
Let y be (-15093)/(-26) - (-6)/(-4). Let q = y + -391. Let c = q - 102. Calculate the remainder when c is divided by 18.
14
Suppose 5*v - 11*i + 10*i - 2086 = 0, 4*v - 4*i = 1656. What is the remainder when v is divided by 102?
10
Suppose -5*t - 5*c + 25 = 0, 5 = c + 4. Suppose t*s + 4*y = -28, 3*y - 5 = s - 2. What is the remainder when 22 is divided by 5 - s - 4/(-2) - 0?
9
Let n be 2*(708/(-8))/(-3). Let o = n - 22. Let l = 8 + 2. What is the remainder when o is divided by l?
7
Let l(c) = 39*c + 5743. Calculate the remainder when l(-139) is divided by 141.
40
Let j be 20/(-35) + ((-1366)/7)/(-2). Suppose l - 43 = 3*i, -3*l = i - j - 42. What is the remainder when l is divided by 16?
14
Suppose -3*y - 18 = -6*y. Suppose -10*k + 552 = 13*k. Suppose -14*o + k = -2*o. What is the remainder when y is divided by o?
0
Let u(v) = 3*v**2 + 73*v - 33. Let w be u(-25). Suppose -w*a + 108 = -13*a. Let z(c) = c**2 - 5*c + 2. Calculate the remainder when z(-5) is divided by a.
25
Suppose 1 = -l, -970 = -2*h - 3*l - 353. What is the remainder when h is divided by 25?
10
Let j(r) = -31*r**3 + 2*r**2 - r + 1. Let c be j(1). Let d = c - -78. What is the remainder when d is divided by 26?
23
Suppose -2118 = -35*u - 193. Calculate the remainder when u is divided by 15.
10
Calculate the remainder when 524 is divided by ((-2004)/(-84) - 19)*(-84)/(-6).
48
Let r(w) = -w**3 + 34*w**2 + 111*w + 24. Suppose 0 = -20*d + 10*d + 370. What is the remainder when 42 is divided by r(d)?
18
Let g(y) = -y**2 - 6*y + 7. Let t(r) = -r**3 - 2*r**2 + 8*r + 12. Let x = 62 - 67. Calculate the remainder when t(x) is divided by g(-6).
5
Let u(g) = g + 17. Let b be (28/21 + -2)*-6. Let w(c) = 2*c + 75. What is the remainder when w(b) is divided by u(0)?
15
Suppose 0 = -4*s + 4*c + 1352, -4*s + 16*c + 1336 = 20*c. What is the remainder when 580 is divided by s?
244
Let u(p) = 70*p - 4393. What is the remainder when 338 is divided by u(65)?
24
Let c be (34/5)/((-36)/(-990)). Suppose 0 = 191*v - c*v - 40. Let l = -79 - -127. Calculate the remainder when l is divided by v.
8
Let i(f) = 3*f**2 - f - 3. Let a be i(2). Suppose 16 = -a*u + 6*u. What is the remainder when 52 is divided by (-21)/((-4)/u + -1)?
24
Suppose -31*g + 1718 = -3118. Suppose 154*k = g*k - 38. Calculate the remainder when k is divided by 4.
3
Suppose -4*w + 268 = 2*v + w, 2*v + 3*w - 268 = 0. Let d = 255 - 300. Calculate the remainder when v is divided by (27/5)/((-9)/d).
26
Let h = 222 + -392. Let z = -52 - h. Calculate the remainder when z is divided by ((-40)/14)/(2/(-7)).
8
Suppose 379 = 2*x - 5*p, 0 = -x - 6*p + 4*p + 203. Suppose 0 = -250*y + 245*y + 45. What is the remainder when x is divided by y?
8
What is the remainder when -213*14*(196/147)/(-1 + -3) is divided by 90?
4
Let j(l) = -8*l - 2. Let m(g) = 3 + 2*g - 4 - 2*g - 9*g**3. Let t be m(1). What is the remainder when j(t) is divided by 27?
24
Let o = -114 + 98. What is the remainder when 55 is divided by (-560)/(-32)*o/(-10)?
27
Let p(v) = v**3 + 4*v**2 - 4*v - 2. Let d be p(-4). Suppose 5 = -5*z - 2*t - 6, 2*t + 6 = 0. Let y = z + d. Calculate the remainder when 23 is divided by y.
10
Let k(n) = -n**2 - 12*n - 17. Let l be k(-5). Suppose l*z - 460 = 62. What is the remainder when z is divided by 0 + (13 - -1) + 2?
13
Let y = 5028 - 5003. Let m = -18 - -36. Suppose m = 2*o - 0*o. Calculate the remainder when y is divided by o.
7
Let u(t) = 48*t**2 + t - 114. Calculate the remainder when u(-7) is divided by 18.
17
Let h(c) = c**3 + 29*c**2 - 1128*c - 89. Calculate the remainder when h(-51) is divided by 125.
92
Suppose j + 31 = u - 4*j, -4*u + 4 = 4*j. Suppose 19 - u = s. Calculate the remainder when 19 is divided by s.
6
Suppose 0 = -5*c + 3*o + 40, -2*c + o + 13 = -2. Suppose 34 = 4*a - 2*p, -6 = c*a + p - 31. Calculate the remainder when 82 is divided by a.
4
Let u(b) = b**2 + 75*b + 1826. Calculate the remainder when u(-43) is divided by 30.
0
Suppose -84 = 215*h - 216*h. Suppose 2*k - h = -w - 21, -3*w + 185 = 5*k. Suppose 0 = -6*r + 3*r + 24. What is the remainder when w is divided by r?
7
Let j = -45 + 47. Suppose 2*x = -2*x + j*z + 8, 4*z - 11 = -x. Suppose 67 = 2*k - 5*h, k + x*h - 1 = -h. Calculate the remainder when 82 is divided by k.
19
Let z = 188 - 114. Suppose b = 4*c + 39, -c - z = -2*b + 3*c. What is the remainder when 348 is divided by b?
33
Suppose -2*s + 197 = 5*u, -4*s - 3*u - 56 = -429. What is the remainder when s is divided by ((-11)/(-14) + 6/4)*(-350)/(-100)?
3
Suppose 21 = 8*c + 2*c - 2119. What is the remainder when 239 is divided by c?
25
Suppose -220 = 2*h + 3*k, -h + 7*k = 10*k + 116. Let w = 122 + h. Calculate the remainder when 717 is divided by w.
15
Suppose -14 = -a - 6*h + 9*h, -2*a - 4 = 2*h. Suppose -5*l - 5*d = -1940, -103*d - 780 = -a*l - 106*d. What is the remainder when l is divided by 35?
34
Suppose -5*u + 22 + 13 = 4*a, -4*u + 39 = a. Calculate the remainder when 4178 is divided by u.
9
Let p be 3*((-24)/(-84) + 8/21). Let z(s) = -2*s**3 - 3*s + 3*s**3 - 11*s**p - 10*s + 18 + 0. What is the remainder when 23 is divided by z(12)?
5
Let z(d) = -d**2 + 28*d - 129. Let o be z(6). Suppose 7*r + 3*p - 17 = 5*r, -p = -o*r + 31. Calculate the remainder when 72 is divided by r.
2
Let u(m) = 2*m**2 - 6*m + 545. Calculate the remainder when u(21) is divided b